{"id":1301,"date":"2012-02-14T18:40:40","date_gmt":"2012-02-14T16:40:40","guid":{"rendered":"http:\/\/www.palmacentro.com\/blog\/?page_id=1301"},"modified":"2022-06-23T14:34:26","modified_gmt":"2022-06-23T12:34:26","slug":"contactar","status":"publish","type":"page","link":"https:\/\/www.palmacentro.com\/blog\/contactar\/","title":{"rendered":"Contactar"},"content":{"rendered":"\n<!-- Speed Sense for AdSense WordPress Plugin: https:\/\/wordpress.org\/plugins\/speed-sense\/ -->\n<div id=\"ssp0\" style=\"float:none;margin:10px 0 10px 0;text-align:center;max-width:728px;width:100%;\">\n<ins class=\"adsbygoogle\" id=\"adsgoogle0\" style=\"display: inline-block; width: 100%; height: 90px\"  data-ad-client=\"ca-pub-8118652243852059\" data-ad-slot=\"7814439714\"><\/ins><script>(adsbygoogle = window.adsbygoogle || []).push({});<\/script>\n<\/div>\n<h2 style=\"text-align: center;\"><\/h2>\n<h2 style=\"text-align: center;\">Puede contactar con nosotros mediante e-mail:<\/h2>\n<h1 style=\"text-align: center;\"><a href=\"mailto:info@palmacentro.com\">info@palmacentro.com<\/a><\/h1>\n<p><img data-recalc-dims=\"1\" loading=\"lazy\" decoding=\"async\" class=\"size-large aligncenter\" src=\"https:\/\/i0.wp.com\/mundo-digital.net\/image.jpg?resize=500%2C50&#038;ssl=1\" width=\"500\" height=\"50\"><\/p>\n\n\n<p class=\"has-text-align-center\"><a href=\"http:\/\/www.mundo-digital.net\/avisolegal.html\">Aviso Legal<\/a><\/p>\n","protected":false},"excerpt":{"rendered":"<p>Puede contactar con nosotros mediante e-mail: info@palmacentro.com Aviso Legal<\/p>\n","protected":false},"author":1,"featured_media":0,"parent":0,"menu_order":99,"comment_status":"open","ping_status":"closed","template":"","meta":{"footnotes":""},"class_list":["post-1301","page","type-page","status-publish","hentry"],"jetpack_sharing_enabled":true,"jetpack_shortlink":"https:\/\/wp.me\/P1SDLj-kZ","jetpack-related-posts":[{"id":15,"url":"https:\/\/www.palmacentro.com\/blog\/directorio\/","url_meta":{"origin":1301,"position":0},"title":"Directorio","author":"PalmaCentro","date":"22\/09\/2011","format":false,"excerpt":"Alimentaci\u00f3n Bricolaje y Decoraci\u00f3n Concesionarios Discotecas y Pubs Estancos Gimnasios Hoteles Inform\u00e1tica Jugueter\u00edas Moda Papeler\u00edas Peluquer\u00edas y Est\u00e9ticas Restaurantes Salud y Bienestar Talleres Mec\u00e1nicos Veterinarios Otros Hemos reunido en nuestro directorio de forma gratuita todos los comercios de Mallorca, si el suyo no aparece env\u00edenos un e-mail a: info@palmacentro.com\u00a0y ser\u00e1\u2026","rel":"","context":"Entrada similar","block_context":{"text":"Entrada similar","link":""},"img":{"alt_text":"560000_414936381929465_371050672_n","src":"https:\/\/i0.wp.com\/www.palmacentro.com\/blog\/wp-content\/uploads\/2011\/09\/560000_414936381929465_371050672_n.png?resize=350%2C200","width":350,"height":200,"srcset":"https:\/\/i0.wp.com\/www.palmacentro.com\/blog\/wp-content\/uploads\/2011\/09\/560000_414936381929465_371050672_n.png?resize=350%2C200 1x, https:\/\/i0.wp.com\/www.palmacentro.com\/blog\/wp-content\/uploads\/2011\/09\/560000_414936381929465_371050672_n.png?resize=525%2C300 1.5x"},"classes":[]},{"id":8122,"url":"https:\/\/www.palmacentro.com\/blog\/que-ver-en-mallorca\/","url_meta":{"origin":1301,"position":1},"title":"Que ver en Mallorca","author":"PalmaCentro","date":"08\/12\/2013","format":false,"excerpt":"En este apartado encontrareis que tipo de vacaciones quer\u00e9is y de que lugares disfrutar seg\u00fan vuestras preferencia; Mallorca en Verano, Turismo Familiar, Mallorca de Lujo, Turismo Social, Salud y Bienestar o Piensa en Verde. MALLORCA EN VERANO \u00a0 Al pensar en ir durante la \u00e9poca de verano a Mallorca lo\u2026","rel":"","context":"Entrada similar","block_context":{"text":"Entrada similar","link":""},"img":{"alt_text":"","src":"","width":0,"height":0},"classes":[]},{"id":8262,"url":"https:\/\/www.palmacentro.com\/blog\/que-ver-en-mallorca\/gastronomia\/","url_meta":{"origin":1301,"position":2},"title":"Gastronom\u00eda","author":"Ver\u00f3nica","date":"13\/02\/2014","format":false,"excerpt":"\u00a0 Ensa\u00efmada Es uno de los productos m\u00e1s t\u00edpico y conocido de todas las Islas Baleares. La Ensa\u00efmada es un tipo de pasta dulce con forma de espiral hecha a partir de harina, huevos, az\u00facar, levadura, leche y manteca de cerdo. Una vez cocida la masa se le espolvorea az\u00facar\u2026","rel":"","context":"Con 1 comentario","block_context":{"text":"Con 1 comentario","link":"https:\/\/www.palmacentro.com\/blog\/que-ver-en-mallorca\/gastronomia\/#comments"},"img":{"alt_text":"Ensaimada","src":"https:\/\/i0.wp.com\/www.palmacentro.com\/blog\/wp-content\/uploads\/2014\/02\/Ensaimada2.jpg?resize=350%2C200","width":350,"height":200},"classes":[]},{"id":8260,"url":"https:\/\/www.palmacentro.com\/blog\/que-ver-en-mallorca\/historia-y-cultura\/","url_meta":{"origin":1301,"position":3},"title":"Historia y Cultura","author":"Ver\u00f3nica","date":"16\/01\/2014","format":false,"excerpt":"En esta secci\u00f3n ten\u00e9is la explicaci\u00f3n y ubicaci\u00f3n de los lugares, edificios y productos m\u00e1s importantes en la historia y cultura mallorquina. \u00a0 La Seu Uno de los monumentos m\u00e1s emblem\u00e1tico y visitados de Palma es la Catedral de Mallorca, un edificio g\u00f3tico del siglo s.XIV con el nombre de\u2026","rel":"","context":"Entrada similar","block_context":{"text":"Entrada similar","link":""},"img":{"alt_text":"la seu","src":"https:\/\/i0.wp.com\/www.palmacentro.com\/blog\/wp-content\/uploads\/2014\/01\/la-seu1.jpg?resize=350%2C200","width":350,"height":200,"srcset":"https:\/\/i0.wp.com\/www.palmacentro.com\/blog\/wp-content\/uploads\/2014\/01\/la-seu1.jpg?resize=350%2C200 1x, https:\/\/i0.wp.com\/www.palmacentro.com\/blog\/wp-content\/uploads\/2014\/01\/la-seu1.jpg?resize=525%2C300 1.5x"},"classes":[]},{"id":8130,"url":"https:\/\/www.palmacentro.com\/blog\/ferias-y-fiestas\/marzo\/","url_meta":{"origin":1301,"position":4},"title":"Marzo","author":"PalmaCentro","date":"08\/12\/2013","format":false,"excerpt":"Del 5 al 13 Marratx\u00ed XXXII FIRA DEL FANG DE\u00a0MARRATX\u00cd 20 Santa Pon\u00e7a SAINT PATRICK DAY (mercado y m\u00fasica en vivo) 25, 26 y 27 C\u00f3lonia Sant Jordi FERIA DE LA SAL Y LAS ESPECIES 26 y 24 Escorca FERIA NATURESPORT (de natura y deportes) 29 Santa Margalida FERIA DE\u2026","rel":"","context":"Entrada similar","block_context":{"text":"Entrada similar","link":""},"img":{"alt_text":"","src":"","width":0,"height":0},"classes":[]},{"id":8142,"url":"https:\/\/www.palmacentro.com\/blog\/ferias-y-fiestas\/septiembre\/","url_meta":{"origin":1301,"position":5},"title":"Septiembre","author":"PalmaCentro","date":"08\/12\/2013","format":false,"excerpt":"FechaLugarEvento3 y 4Vilafranca de BonanyFERIA DEL MEL\u00d3N (Artesanal, agr\u00edcola,ganadera e industrial)3Lloret de Vistalegre\u00a0FESTA DES SEQUER (agr\u00edcola y artesana)10Pina\u00a0(Algaida)Pina\u00a0(AlgaidaFIRA I MOSTRA DE PRODUCTES ARTESANALS I GASTRON\u00d2MICS10Cas Concos (Felanitx)FERIA NOCTURNA DE SANT NICOLAU11Art\u00e0FIRA D\u2019ART\u00c0 (ganadera,agr\u00edcola y comercial)12 y 13Es Capdell\u00e0 (Calvi\u00e0)VI FERIA DE LOS TRABAJOS DE OTO\u00d1O17 Y 18ManacorFERIA DE SEPTIEMBRE (Producto\u2026","rel":"","context":"Entrada similar","block_context":{"text":"Entrada similar","link":""},"img":{"alt_text":"","src":"","width":0,"height":0},"classes":[]}],"_links":{"self":[{"href":"https:\/\/www.palmacentro.com\/blog\/wp-json\/wp\/v2\/pages\/1301","targetHints":{"allow":["GET"]}}],"collection":[{"href":"https:\/\/www.palmacentro.com\/blog\/wp-json\/wp\/v2\/pages"}],"about":[{"href":"https:\/\/www.palmacentro.com\/blog\/wp-json\/wp\/v2\/types\/page"}],"author":[{"embeddable":true,"href":"https:\/\/www.palmacentro.com\/blog\/wp-json\/wp\/v2\/users\/1"}],"replies":[{"embeddable":true,"href":"https:\/\/www.palmacentro.com\/blog\/wp-json\/wp\/v2\/comments?post=1301"}],"version-history":[{"count":10,"href":"https:\/\/www.palmacentro.com\/blog\/wp-json\/wp\/v2\/pages\/1301\/revisions"}],"predecessor-version":[{"id":9141,"href":"https:\/\/www.palmacentro.com\/blog\/wp-json\/wp\/v2\/pages\/1301\/revisions\/9141"}],"wp:attachment":[{"href":"https:\/\/www.palmacentro.com\/blog\/wp-json\/wp\/v2\/media?parent=1301"}],"curies":[{"name":"wp","href":"https:\/\/api.w.org\/{rel}","templated":true}]}}