{"id":15,"date":"2011-09-22T22:16:02","date_gmt":"2011-09-22T22:16:02","guid":{"rendered":"http:\/\/www.palmacentro.com\/blog\/?page_id=15"},"modified":"2017-11-28T14:39:24","modified_gmt":"2017-11-28T12:39:24","slug":"directorio","status":"publish","type":"page","link":"https:\/\/www.palmacentro.com\/blog\/directorio\/","title":{"rendered":"Directorio"},"content":{"rendered":"\n<!-- Speed Sense for AdSense WordPress Plugin: https:\/\/wordpress.org\/plugins\/speed-sense\/ -->\n<div id=\"ssp0\" style=\"float:none;margin:10px 0 10px 0;text-align:center;max-width:728px;width:100%;\">\n<ins class=\"adsbygoogle\" id=\"adsgoogle0\" style=\"display: inline-block; width: 100%; height: 90px\"  data-ad-client=\"ca-pub-8118652243852059\" data-ad-slot=\"7814439714\"><\/ins><script>(adsbygoogle = window.adsbygoogle || []).push({});<\/script>\n<\/div>\n<p style=\"text-align: center;\"><a href=\"https:\/\/i0.wp.com\/www.palmacentro.com\/blog\/wp-content\/uploads\/2011\/09\/560000_414936381929465_371050672_n.png\"><img data-recalc-dims=\"1\" loading=\"lazy\" decoding=\"async\" data-attachment-id=\"8119\" data-permalink=\"https:\/\/www.palmacentro.com\/blog\/directorio\/560000_414936381929465_371050672_n\/\" data-orig-file=\"https:\/\/i0.wp.com\/www.palmacentro.com\/blog\/wp-content\/uploads\/2011\/09\/560000_414936381929465_371050672_n.png?fit=637%2C280&amp;ssl=1\" data-orig-size=\"637,280\" data-comments-opened=\"1\" data-image-meta=\"{&quot;aperture&quot;:&quot;0&quot;,&quot;credit&quot;:&quot;&quot;,&quot;camera&quot;:&quot;&quot;,&quot;caption&quot;:&quot;&quot;,&quot;created_timestamp&quot;:&quot;0&quot;,&quot;copyright&quot;:&quot;&quot;,&quot;focal_length&quot;:&quot;0&quot;,&quot;iso&quot;:&quot;0&quot;,&quot;shutter_speed&quot;:&quot;0&quot;,&quot;title&quot;:&quot;&quot;}\" data-image-title=\"560000_414936381929465_371050672_n\" data-image-description=\"\" data-image-caption=\"\" data-large-file=\"https:\/\/i0.wp.com\/www.palmacentro.com\/blog\/wp-content\/uploads\/2011\/09\/560000_414936381929465_371050672_n.png?fit=637%2C280&amp;ssl=1\" class=\"aligncenter size-full wp-image-8119\" src=\"https:\/\/i0.wp.com\/www.palmacentro.com\/blog\/wp-content\/uploads\/2011\/09\/560000_414936381929465_371050672_n.png?resize=637%2C280\" alt=\"560000_414936381929465_371050672_n\" width=\"637\" height=\"280\" srcset=\"https:\/\/i0.wp.com\/www.palmacentro.com\/blog\/wp-content\/uploads\/2011\/09\/560000_414936381929465_371050672_n.png?w=637&amp;ssl=1 637w, https:\/\/i0.wp.com\/www.palmacentro.com\/blog\/wp-content\/uploads\/2011\/09\/560000_414936381929465_371050672_n.png?resize=300%2C131&amp;ssl=1 300w, https:\/\/i0.wp.com\/www.palmacentro.com\/blog\/wp-content\/uploads\/2011\/09\/560000_414936381929465_371050672_n.png?resize=150%2C65&amp;ssl=1 150w\" sizes=\"auto, (max-width: 637px) 100vw, 637px\" \/><\/a><\/p>\n<h2 style=\"text-align: center;\"><a href=\"http:\/\/www.palmacentro.com\/blog\/directorio\/alimentacion\/\">Alimentaci\u00f3n<\/a><\/h2>\n<h2 style=\"text-align: center;\"><a href=\"http:\/\/www.palmacentro.com\/blog\/directorio\/bricolaje-y-decoracion\/\">Bricolaje y Decoraci\u00f3n<\/a><\/h2>\n<h2 style=\"text-align: center;\"><a href=\"http:\/\/www.palmacentro.com\/blog\/directorio\/concesionarios\/\">Concesionarios<\/a><\/h2>\n<h2 style=\"text-align: center;\"><a href=\"http:\/\/www.palmacentro.com\/blog\/directorio\/discotecas-y-pubs\/\">Discotecas y Pubs<\/a><\/h2>\n<h2 style=\"text-align: center;\"><a href=\"http:\/\/www.palmacentro.com\/blog\/directorio\/estancos\/\">Estancos<\/a><\/h2>\n<h2 style=\"text-align: center;\"><a href=\"http:\/\/www.palmacentro.com\/blog\/directorio\/gimnasios\/\">Gimnasios<\/a><\/h2>\n<h2 style=\"text-align: center;\"><a href=\"http:\/\/www.palmacentro.com\/blog\/directorio\/hoteles\/\">Hoteles<\/a><\/h2>\n<h2 style=\"text-align: center;\"><a href=\"http:\/\/www.palmacentro.com\/blog\/directorio\/informatica\/\">Inform\u00e1tica<\/a><\/h2>\n<h2 style=\"text-align: center;\"><a href=\"http:\/\/www.palmacentro.com\/blog\/directorio\/jugueterias\/\">Jugueter\u00edas<\/a><\/h2>\n<h2 style=\"text-align: center;\"><a href=\"http:\/\/www.palmacentro.com\/blog\/directorio\/moda\/\">Moda<\/a><\/h2>\n<h2 style=\"text-align: center;\"><a href=\"http:\/\/www.palmacentro.com\/blog\/directorio\/papelerias\/\">Papeler\u00edas<\/a><\/h2>\n<h2 style=\"text-align: center;\"><a href=\"http:\/\/www.palmacentro.com\/blog\/directorio\/peluquerias\/\">Peluquer\u00edas y Est\u00e9ticas<\/a><\/h2>\n<h2 style=\"text-align: center;\"><a href=\"http:\/\/www.palmacentro.com\/blog\/directorio\/restaurantes\/\">Restaurantes<\/a><\/h2>\n<h2 style=\"text-align: center;\"><a href=\"http:\/\/www.palmacentro.com\/blog\/directorio\/salud-y-bienestar\/\">Salud y Bienestar<\/a><\/h2>\n<h2 style=\"text-align: center;\"><a href=\"http:\/\/www.palmacentro.com\/blog\/directorio\/talleres-mecanicos\/\">Talleres Mec\u00e1nicos<\/a><\/h2>\n<h2 style=\"text-align: center;\"><a href=\"http:\/\/www.palmacentro.com\/blog\/directorio\/veterinarios\/\">Veterinarios<\/a><\/h2>\n<h2 style=\"text-align: center;\"><a href=\"http:\/\/www.palmacentro.com\/blog\/directorio\/otros\/\">Otros<\/a><\/h2>\n<p style=\"text-align: center;\">Hemos reunido en nuestro directorio de forma gratuita <strong>todos los comercios de Mallorca<\/strong>,<br \/>\nsi el suyo no aparece env\u00edenos un e-mail a: <strong><a href=\"mailto:info@palmacentro.com\">info@palmacentro.com<\/a><\/strong>\u00a0y ser\u00e1 incluido<strong> gratuitamente<\/strong>.<\/p>\n<p style=\"text-align: center;\">Adem\u00e1s <strong>por solo 50 Euros + IVA al a\u00f1o tiene la posibilidad de destacar su negocio<\/strong> de los dem\u00e1s\u00a0e incluir la <strong>p\u00e1gina web de su negocio<\/strong>, si no tiene WEB se la podemos hacer nosotros <strong>desde 150 Euros<\/strong>.<\/p>\n<p style=\"text-align: center;\">Adem\u00e1s podr\u00e1 publicar en nuestra web y medios de comunicaci\u00f3n ofertas y\/o anuncios de su negocio, llegando as\u00ed a m\u00e1s de 5.000 personas al d\u00eda.<\/p>\n","protected":false},"excerpt":{"rendered":"<p>Alimentaci\u00f3n Bricolaje y Decoraci\u00f3n Concesionarios Discotecas y Pubs Estancos Gimnasios Hoteles Inform\u00e1tica Jugueter\u00edas Moda Papeler\u00edas Peluquer\u00edas y Est\u00e9ticas Restaurantes Salud[&#8230;]<\/p>\n","protected":false},"author":1,"featured_media":0,"parent":0,"menu_order":0,"comment_status":"open","ping_status":"closed","template":"","meta":{"footnotes":""},"class_list":["post-15","page","type-page","status-publish","hentry"],"jetpack_sharing_enabled":false,"jetpack_shortlink":"https:\/\/wp.me\/P1SDLj-f","jetpack-related-posts":[{"id":135,"url":"https:\/\/www.palmacentro.com\/blog\/directorio\/discotecas-y-pubs\/","url_meta":{"origin":15,"position":0},"title":"Discotecas y Pubs","author":"PalmaCentro","date":"27\/09\/2011","format":false,"excerpt":"\u00a0 B\u00e9same Mucho Tel: 971 28 36 16 Av. Joan Mir\u00f3, 8 (Son Armadans) 07014 Palma de Mallorca (Baleares) Ca\u00f1andonga, S.L. Tel: 971 22 29 26 C\/ Federico Garc\u00eda Lorca, 19 (Son Armadans) 07014 Palma de Mallorca (Baleares) Discoteca Pacha Tel: 971 45 59 08 Av. Gabriel Roca, 42 (Portopi)\u2026","rel":"","context":"Entrada similar","block_context":{"text":"Entrada similar","link":""},"img":{"alt_text":"","src":"https:\/\/i0.wp.com\/www.palmacentro.com\/blog\/wp-content\/uploads\/2011\/09\/discotecas_pubs.jpg?resize=350%2C200","width":350,"height":200,"srcset":"https:\/\/i0.wp.com\/www.palmacentro.com\/blog\/wp-content\/uploads\/2011\/09\/discotecas_pubs.jpg?resize=350%2C200 1x, https:\/\/i0.wp.com\/www.palmacentro.com\/blog\/wp-content\/uploads\/2011\/09\/discotecas_pubs.jpg?resize=525%2C300 1.5x, https:\/\/i0.wp.com\/www.palmacentro.com\/blog\/wp-content\/uploads\/2011\/09\/discotecas_pubs.jpg?resize=700%2C400 2x"},"classes":[]},{"id":1343,"url":"https:\/\/www.palmacentro.com\/blog\/directorio\/alimentacion\/","url_meta":{"origin":15,"position":1},"title":"Alimentaci\u00f3n","author":"PalmaCentro","date":"15\/02\/2012","format":false,"excerpt":"FrutDec\u00f3 - www.frutdeco.com Tel: 663 54 81 09 \/ 639 35 19 13 Palma de Mallorca (Baleares) Bodegas Suau - www.bodegassuau.com Tel:\u00a0679 19 66 94 C\/ Cabana n\u00ba12 -07009 Es Pont d'Inca (Baleares) \u00a0 Mallorca Fruits - www.mallorcafruits.com Tel: 971 88 65 88 Ctra. Palma -Inca Km 23,4 - 07350\u2026","rel":"","context":"Entrada similar","block_context":{"text":"Entrada similar","link":""},"img":{"alt_text":"","src":"https:\/\/i0.wp.com\/www.palmacentro.com\/blog\/wp-content\/uploads\/2012\/02\/alimentacion.jpg?resize=350%2C200","width":350,"height":200,"srcset":"https:\/\/i0.wp.com\/www.palmacentro.com\/blog\/wp-content\/uploads\/2012\/02\/alimentacion.jpg?resize=350%2C200 1x, https:\/\/i0.wp.com\/www.palmacentro.com\/blog\/wp-content\/uploads\/2012\/02\/alimentacion.jpg?resize=525%2C300 1.5x, https:\/\/i0.wp.com\/www.palmacentro.com\/blog\/wp-content\/uploads\/2012\/02\/alimentacion.jpg?resize=700%2C400 2x"},"classes":[]},{"id":110,"url":"https:\/\/www.palmacentro.com\/blog\/directorio\/bricolaje-y-decoracion\/","url_meta":{"origin":15,"position":2},"title":"Bricolaje y Decoraci\u00f3n","author":"PalmaCentro","date":"27\/09\/2011","format":false,"excerpt":"\u00a0 Pinturas Trebol - www.pinturastrebol.com Tel: 971 42 14 19 C\/ Luca de Tena, 24 (Pedro Garau) - 07005 Palma de Mallorca (Baleares) \u00a0 \u00a0 SuberTRES Baleares - www.suber3baleares.es Tel: 971 91 75 95\u00a0- 639 57 03 92 C\/ Sant Joaquim, 5 bajos\u00a0 Local A - 07003 - Palma de\u2026","rel":"","context":"Entrada similar","block_context":{"text":"Entrada similar","link":""},"img":{"alt_text":"","src":"https:\/\/i0.wp.com\/www.palmacentro.com\/blog\/wp-content\/uploads\/2011\/09\/bricolaje_decoracion.jpg?resize=350%2C200","width":350,"height":200,"srcset":"https:\/\/i0.wp.com\/www.palmacentro.com\/blog\/wp-content\/uploads\/2011\/09\/bricolaje_decoracion.jpg?resize=350%2C200 1x, https:\/\/i0.wp.com\/www.palmacentro.com\/blog\/wp-content\/uploads\/2011\/09\/bricolaje_decoracion.jpg?resize=525%2C300 1.5x, https:\/\/i0.wp.com\/www.palmacentro.com\/blog\/wp-content\/uploads\/2011\/09\/bricolaje_decoracion.jpg?resize=700%2C400 2x"},"classes":[]},{"id":115,"url":"https:\/\/www.palmacentro.com\/blog\/directorio\/concesionarios\/","url_meta":{"origin":15,"position":3},"title":"Concesionarios","author":"PalmaCentro","date":"27\/09\/2011","format":false,"excerpt":"Amcars Tel: 971 91 59 15 C\/ Gremi de Ferrers, 37 (La Indioteria) 07009 Palma de Mallorca (Baleares) Amcars 2007, S.L. Tel: 971 91 59 15 C\/ Gremi de Ferrers, 37 (La Indioteria) 07009 Palma de Mallorca (Baleares) Auto Freno Oliver, S.A. Tel: 971 27 82 46 C\/ Mare de\u2026","rel":"","context":"Entrada similar","block_context":{"text":"Entrada similar","link":""},"img":{"alt_text":"","src":"https:\/\/i0.wp.com\/www.palmacentro.com\/blog\/wp-content\/uploads\/2011\/09\/concesionarios.jpg?resize=350%2C200","width":350,"height":200,"srcset":"https:\/\/i0.wp.com\/www.palmacentro.com\/blog\/wp-content\/uploads\/2011\/09\/concesionarios.jpg?resize=350%2C200 1x, https:\/\/i0.wp.com\/www.palmacentro.com\/blog\/wp-content\/uploads\/2011\/09\/concesionarios.jpg?resize=525%2C300 1.5x, https:\/\/i0.wp.com\/www.palmacentro.com\/blog\/wp-content\/uploads\/2011\/09\/concesionarios.jpg?resize=700%2C400 2x"},"classes":[]},{"id":1339,"url":"https:\/\/www.palmacentro.com\/blog\/directorio\/salud-y-bienestar\/","url_meta":{"origin":15,"position":4},"title":"Salud y Bienestar","author":"PalmaCentro","date":"15\/02\/2012","format":false,"excerpt":"\u00a0 \u00a0 tSalut - Asistencia Psicol\u00f3gica Tel: 971 17 13 67 - Carretera Valldemossa\u00a0 km7,5, 07120 Palma de Mallorca (Baleares) - Campus UIB Ciudad del Mar Servicios Odontol\u00f3gicos Tel: 971 46 74 05- Avenida Gabriel Alomar I Villalonga, 11 07006 Palma de Mallorca (Baleares) Cl\u00ednica Dental Es Forti Tel: 971\u2026","rel":"","context":"Entrada similar","block_context":{"text":"Entrada similar","link":""},"img":{"alt_text":"","src":"https:\/\/i0.wp.com\/www.palmacentro.com\/blog\/wp-content\/uploads\/2012\/02\/salud.jpg?resize=350%2C200","width":350,"height":200,"srcset":"https:\/\/i0.wp.com\/www.palmacentro.com\/blog\/wp-content\/uploads\/2012\/02\/salud.jpg?resize=350%2C200 1x, https:\/\/i0.wp.com\/www.palmacentro.com\/blog\/wp-content\/uploads\/2012\/02\/salud.jpg?resize=525%2C300 1.5x, https:\/\/i0.wp.com\/www.palmacentro.com\/blog\/wp-content\/uploads\/2012\/02\/salud.jpg?resize=700%2C400 2x"},"classes":[]},{"id":8122,"url":"https:\/\/www.palmacentro.com\/blog\/que-ver-en-mallorca\/","url_meta":{"origin":15,"position":5},"title":"Que ver en Mallorca","author":"PalmaCentro","date":"08\/12\/2013","format":false,"excerpt":"En este apartado encontrareis que tipo de vacaciones quer\u00e9is y de que lugares disfrutar seg\u00fan vuestras preferencia; Mallorca en Verano, Turismo Familiar, Mallorca de Lujo, Turismo Social, Salud y Bienestar o Piensa en Verde. MALLORCA EN VERANO \u00a0 Al pensar en ir durante la \u00e9poca de verano a Mallorca lo\u2026","rel":"","context":"Entrada similar","block_context":{"text":"Entrada similar","link":""},"img":{"alt_text":"","src":"","width":0,"height":0},"classes":[]}],"_links":{"self":[{"href":"https:\/\/www.palmacentro.com\/blog\/wp-json\/wp\/v2\/pages\/15","targetHints":{"allow":["GET"]}}],"collection":[{"href":"https:\/\/www.palmacentro.com\/blog\/wp-json\/wp\/v2\/pages"}],"about":[{"href":"https:\/\/www.palmacentro.com\/blog\/wp-json\/wp\/v2\/types\/page"}],"author":[{"embeddable":true,"href":"https:\/\/www.palmacentro.com\/blog\/wp-json\/wp\/v2\/users\/1"}],"replies":[{"embeddable":true,"href":"https:\/\/www.palmacentro.com\/blog\/wp-json\/wp\/v2\/comments?post=15"}],"version-history":[{"count":38,"href":"https:\/\/www.palmacentro.com\/blog\/wp-json\/wp\/v2\/pages\/15\/revisions"}],"predecessor-version":[{"id":9008,"href":"https:\/\/www.palmacentro.com\/blog\/wp-json\/wp\/v2\/pages\/15\/revisions\/9008"}],"wp:attachment":[{"href":"https:\/\/www.palmacentro.com\/blog\/wp-json\/wp\/v2\/media?parent=15"}],"curies":[{"name":"wp","href":"https:\/\/api.w.org\/{rel}","templated":true}]}}