{"id":8142,"date":"2013-12-08T22:46:23","date_gmt":"2013-12-08T20:46:23","guid":{"rendered":"http:\/\/www.palmacentro.com\/blog\/?page_id=8142"},"modified":"2022-08-23T15:03:28","modified_gmt":"2022-08-23T13:03:28","slug":"septiembre","status":"publish","type":"page","link":"https:\/\/www.palmacentro.com\/blog\/ferias-y-fiestas\/septiembre\/","title":{"rendered":"Septiembre"},"content":{"rendered":"\n<div class=\"wp-block-columns is-layout-flex wp-container-core-columns-is-layout-9d6595d7 wp-block-columns-is-layout-flex\">\n<div class=\"wp-block-column is-layout-flow wp-block-column-is-layout-flow\" style=\"flex-basis:100%\">\n<div class=\"wp-block-group\"><div class=\"wp-block-group__inner-container is-layout-flow wp-block-group-is-layout-flow\">\n<figure class=\"wp-block-table is-style-regular\"><table><tbody><tr><td><b>Fecha<\/b><\/td><td><b>Lugar<\/b><\/td><td><b>Evento<\/b><\/td><\/tr><tr><td>3 y 4<\/td><td>Vilafranca de Bonany<\/td><td>FERIA DEL MEL\u00d3N (Artesanal, agr\u00edcola,ganadera e industrial)<\/td><\/tr><tr><td>3<\/td><td>Lloret de Vistalegre<\/td><td>&nbsp;FESTA DES SEQUER (agr\u00edcola y artesana)<\/td><\/tr><tr><td>10<\/td><td>Pina\u00a0(Algaida)<\/td><td>Pina\u00a0(AlgaidaFIRA I MOSTRA DE PRODUCTES ARTESANALS I GASTRON\u00d2MICS<\/td><\/tr><tr><td>10<\/td><td>Cas Concos (Felanitx)<\/td><td>FERIA NOCTURNA DE SANT NICOLAU<\/td><\/tr><tr><td>11<\/td><td>Art\u00e0<\/td><td>FIRA D\u2019ART\u00c0 (ganadera,agr\u00edcola y comercial)<\/td><\/tr><tr><td>12 y 13<\/td><td>Es Capdell\u00e0 (Calvi\u00e0)<\/td><td>VI FERIA DE LOS TRABAJOS DE OTO\u00d1O<\/td><\/tr><tr><td>17 Y 18<\/td><td>Manacor<\/td><td>FERIA DE SEPTIEMBRE (Producto balear)<\/td><\/tr><tr><td>25<\/td><td>&nbsp;Felanitx<\/td><td>\u00a0FIRA DE SANT MIQUEL (artesanal y comercial)<\/td><\/tr><tr><td>29<\/td><td>Llucmajor<\/td><td>PRIMERA FERIA D\u00cdA DE SANT MIQUEL<\/td><\/tr><tr><td>30<\/td><td>Alc\u00fadia<\/td><td>\u00a0FIRA D\u2019ALC\u00daDIA (ganadera,agr\u00edcola,artesanal y actividades musicales)<\/td><\/tr><\/tbody><\/table><\/figure>\n<\/div><\/div>\n<\/div>\n<\/div>\n","protected":false},"excerpt":{"rendered":"<p>Fecha Lugar Evento 3 y 4 Vilafranca de Bonany FERIA DEL MEL\u00d3N (Artesanal, agr\u00edcola,ganadera e industrial) 3 Lloret de Vistalegre[&#8230;]<\/p>\n","protected":false},"author":1,"featured_media":0,"parent":8124,"menu_order":9,"comment_status":"open","ping_status":"closed","template":"","meta":{"footnotes":""},"class_list":["post-8142","page","type-page","status-publish","hentry"],"jetpack_sharing_enabled":true,"jetpack_shortlink":"https:\/\/wp.me\/P1SDLj-27k","jetpack-related-posts":[{"id":8133,"url":"https:\/\/www.palmacentro.com\/blog\/ferias-y-fiestas\/mayo\/","url_meta":{"origin":8142,"position":0},"title":"Mayo","author":"PalmaCentro","date":"08\/12\/2013","format":false,"excerpt":"Fecha Lugar Evento hasta el\u00a02 Palma BOATSHOW (feria n\u00e1utica) 1 Costitx FERIA DE LA JARDINER\u00cdA, FLORISTER\u00cdA Y HORTOFRUCTICULTURA 1 Estellencs FERIA DEL VINO Y DEL QUESO 1 Ses Salines XXIX FIRA ESPECTACLE DEL 1r DE MAIG (artesanal, industrial ycomercial) 1 Sineu FERIA DE MAYO 3 Selva FIRA DE LA CREU\u2026","rel":"","context":"Entrada similar","block_context":{"text":"Entrada similar","link":""},"img":{"alt_text":"","src":"","width":0,"height":0},"classes":[]},{"id":8132,"url":"https:\/\/www.palmacentro.com\/blog\/ferias-y-fiestas\/abril\/","url_meta":{"origin":8142,"position":1},"title":"Abril","author":"PalmaCentro","date":"08\/12\/2013","format":false,"excerpt":"\u00a0 Fecha Lugar Evento 2 Sa Pobla XV FERIA DE OPORTUNIDADES (comercial) 2 y 3 Son Ferrriol XXIV FIRA DE SON FERRIOL (agr\u00edcola,\u00a0 ganadera y comercial) 2 y 3 Andratx FERIA ANDRATX (agr\u00edcola,\u00a0 ganadera y comercial) 3 Muro FERIA DE SANT FRANCESC (agr\u00edcola,ganadera, artesanal e industrial) 8, 9\u00a0Y\u00a010 Alc\u00fadia FERIA\u2026","rel":"","context":"Entrada similar","block_context":{"text":"Entrada similar","link":""},"img":{"alt_text":"","src":"","width":0,"height":0},"classes":[]},{"id":8130,"url":"https:\/\/www.palmacentro.com\/blog\/ferias-y-fiestas\/marzo\/","url_meta":{"origin":8142,"position":2},"title":"Marzo","author":"PalmaCentro","date":"08\/12\/2013","format":false,"excerpt":"Del 5 al 13 Marratx\u00ed XXXII FIRA DEL FANG DE\u00a0MARRATX\u00cd 20 Santa Pon\u00e7a SAINT PATRICK DAY (mercado y m\u00fasica en vivo) 25, 26 y 27 C\u00f3lonia Sant Jordi FERIA DE LA SAL Y LAS ESPECIES 26 y 24 Escorca FERIA NATURESPORT (de natura y deportes) 29 Santa Margalida FERIA DE\u2026","rel":"","context":"Entrada similar","block_context":{"text":"Entrada similar","link":""},"img":{"alt_text":"","src":"","width":0,"height":0},"classes":[]},{"id":8134,"url":"https:\/\/www.palmacentro.com\/blog\/ferias-y-fiestas\/junio\/","url_meta":{"origin":8142,"position":3},"title":"Junio","author":"PalmaCentro","date":"08\/12\/2013","format":false,"excerpt":"Fecha Lugar Evento 3 y 4 Sa Pobla FERIA DE LA PATATA 4 y 5 Lloseta FERIA DE SA SABATA (artesanal) 5 Manacor FERIA DE SA SABATA (artesanal) 7 Biniali FERIA DE\u00a0BINIALI (jocs tipics mallorquins) \u00a011 Son Servera FIRONET DE SAN JOAN \u00a011 y 12 Son Servera FIRA DE SAN\u2026","rel":"","context":"Entrada similar","block_context":{"text":"Entrada similar","link":""},"img":{"alt_text":"","src":"","width":0,"height":0},"classes":[]},{"id":8145,"url":"https:\/\/www.palmacentro.com\/blog\/ferias-y-fiestas\/diciembre\/","url_meta":{"origin":8142,"position":4},"title":"Diciembre","author":"PalmaCentro","date":"08\/12\/2013","format":false,"excerpt":"Fecha Lugar Evento Hasta Enero Palma FERIA DE NAVIDAD Y REYES (Plaza Mayor, Rambla, Plaza Espa\u00f1a) 2, 3, 9, 10, 16 y 17 Escorca FERIA DE NAVIDAD 2 Portopetro FERIA DE NAVIDAD 9 Cala Figuera FERIA DE NAVIDAD 9 Cala Millor FIRONET DE NADAL 10 Sineu FERIA DE NAVIDAD 15\u2026","rel":"","context":"Entrada similar","block_context":{"text":"Entrada similar","link":""},"img":{"alt_text":"","src":"","width":0,"height":0},"classes":[]},{"id":8135,"url":"https:\/\/www.palmacentro.com\/blog\/ferias-y-fiestas\/julio\/","url_meta":{"origin":8142,"position":5},"title":"Julio","author":"PalmaCentro","date":"08\/12\/2013","format":false,"excerpt":"Fecha Lugar Evento 10 \u00a0Porto Cristo \u00a0FERIA NOCTURNA 13 \u00a0Porto Cristo \u00a0XV JORNADA DE COCINA MARINERA 16 \u00a0Portocolom \u00a0FERIA NOCTURNA MARINERA 16 y 17 \u00a0Sa Coma \u00a0NITS MULTICULTURALS DE SA COMA del 16 al 19 \u00a0Son Servera \u00a0FIRONET DEL CARME 24 \u00a0Valldemossa \u00a0ARTDEMOSSA 25 \u00a0Ariany \u00a0XII FERIA NOCTURNA 25 \u00a0Manacor\u2026","rel":"","context":"Entrada similar","block_context":{"text":"Entrada similar","link":""},"img":{"alt_text":"","src":"","width":0,"height":0},"classes":[]}],"_links":{"self":[{"href":"https:\/\/www.palmacentro.com\/blog\/wp-json\/wp\/v2\/pages\/8142","targetHints":{"allow":["GET"]}}],"collection":[{"href":"https:\/\/www.palmacentro.com\/blog\/wp-json\/wp\/v2\/pages"}],"about":[{"href":"https:\/\/www.palmacentro.com\/blog\/wp-json\/wp\/v2\/types\/page"}],"author":[{"embeddable":true,"href":"https:\/\/www.palmacentro.com\/blog\/wp-json\/wp\/v2\/users\/1"}],"replies":[{"embeddable":true,"href":"https:\/\/www.palmacentro.com\/blog\/wp-json\/wp\/v2\/comments?post=8142"}],"version-history":[{"count":6,"href":"https:\/\/www.palmacentro.com\/blog\/wp-json\/wp\/v2\/pages\/8142\/revisions"}],"predecessor-version":[{"id":9151,"href":"https:\/\/www.palmacentro.com\/blog\/wp-json\/wp\/v2\/pages\/8142\/revisions\/9151"}],"up":[{"embeddable":true,"href":"https:\/\/www.palmacentro.com\/blog\/wp-json\/wp\/v2\/pages\/8124"}],"wp:attachment":[{"href":"https:\/\/www.palmacentro.com\/blog\/wp-json\/wp\/v2\/media?parent=8142"}],"curies":[{"name":"wp","href":"https:\/\/api.w.org\/{rel}","templated":true}]}}